78/90 + (-70)/(-525)?
9
Let x = 58 + -53. Let c be (20/8)/x*-1010. Let b = -315 - c. What is the tens digit of b?
9
What is the ten thousands digit of ((-4589)/(-5))/(379/11370)?
2
Let d(r) = 15 + 3 - 9*r + 14*r - 13*r. Let h be d(2). Suppose 3*p = -l + 11 + 49, h*l - 5*p - 153 = 0. What is the units digit of l?
9
Let z(s) = -s**2 + 17*s - 6. Let i be z(16). Suppose 5*p = i, 984 = 3*f - 6*p + 9*p. What is the hundreds digit of f?
3
Let x = 26358 + -5995. What is the tens digit of x?
6
Suppose -3*t = -4*o - 174, -4*t + 6*t = 5*o + 214. What is the hundreds digit of 70/o - 2200/(-6)?
3
Let y(z) = -31*z**2 + 9*z**2 - 3 + 11*z**2 + 21*z + 8*z**2 - 1. Suppose 2*n = -2*w + 16, -3*n - n = -3*w + 10. What is the tens digit of y(w)?
1
Let d(v) = 58*v + 4. Let i be d(1). Suppose -i = -7*n - 13. Suppose 0 = -n*b + 5*b + 14. What is the units digit of b?
7
Let v be -30*(31/(-6) - -5). Suppose v*i - 349 = 3816. What is the tens digit of i?
3
Let x = 711 + 705. Suppose -x = -8*l + 936. What is the hundreds digit of l?
2
Let h be (11/2)/11 - 858/4. Let j = -168 - h. What is the tens digit of j?
4
Suppose -17949 = -2*c - c + 13143. What is the thousands digit of c?
0
Suppose -23*m + 582699 = 20*m - 663398. What is the ten thousands digit of m?
2
Let w(h) = h**3 + h**2 - 10*h - 6. Let k be w(-3). What is the units digit of (-37380)/(-72) - 1/k?
9
Let p(a) = a**3 + 36*a**2 - 31*a + 131. What is the hundreds digit of p(-22)?
5
Let a = 165108 - 95213. What is the units digit of a?
5
Suppose -5*a - t = 37, 2*t - t - 26 = 4*a. Let x(u) = -u**3 - 8*u**2 - 7*u - 3. Let q be x(a). What is the hundreds digit of ((-2)/q)/((-4)/(-654))?
1
Suppose 2*p - 20 = -4*b, -2*b + 12 = -5*b. What is the hundreds digit of (36696/14)/3 - p/(-63)?
8
Let x(h) = -9 + 1 + 2*h + 0. Let p be x(4). Suppose p = 3*z - z - 166. What is the units digit of z?
3
Suppose -213*z = -245*z + 335392. What is the ten thousands digit of z?
1
Let p be 0/((-2)/2 - 1). Let o(h) = -362*h**2 + 607*h**2 - 248*h**2 + 101 - h. What is the units digit of o(p)?
1
Let n(j) = -75*j - 8. Suppose -51*a + 9 = -54*a. What is the tens digit of n(a)?
1
Suppose 32*m - 293899 = -85803. What is the tens digit of m?
0
Let r(z) = 105*z**2 - 2*z - 1. Suppose 0*a - 4*a - 12 = -4*k, 4*k - 17 = 5*a. What is the hundreds digit of r(k)?
4
Let w be (6/9)/(16/(-18) - -1). Let b(h) = 8*h**2 - 9*h + 14. What is the hundreds digit of b(w)?
2
Let l(r) = 17*r - 13. Let f(y) = y**2 - 9*y + 4. Let x be f(9). Let q be l(x). Let j = 132 - q. What is the tens digit of j?
7
Suppose 213*l = 2881393 - 465121. What is the thousands digit of l?
1
Suppose 25 - 1105 = 8*y. Let c = 228 + y. What is the tens digit of c?
9
Let j(h) = -5*h - 86 + 263 + 60 + 8*h. What is the hundreds digit of j(-17)?
1
Let o(n) = 10*n + 9*n + 21 - 20*n. Let i be o(9). What is the units digit of (3 - (-2)/8)/(3/i)?
3
Let f be (10 - 14)*(-1 + 0). Let y be (-4 - -18*13) + f. What is the tens digit of 18/(-30) - y/(-15)?
1
Let v(s) = -387*s - 783. What is the ten thousands digit of v(-39)?
1
Let x(c) = 56*c + 5496. What is the thousands digit of x(31)?
7
Let d(h) = -83*h + 4. Let u = -27 + 32. Suppose u*o = -11 + 6. What is the tens digit of d(o)?
8
Let u = 56208 + -39442. What is the thousands digit of u?
6
Let f(b) = -b**2 + 39*b + 269. Suppose 0 = t + 71 - 104. What is the tens digit of f(t)?
6
Let z be 30/45*(-30)/(-4). Suppose 4*w = 4*d - 409 - 107, z*w = -25. What is the hundreds digit of d?
1
Suppose 0 = -16*a - 4129 - 783. Let w = a + 1086. What is the hundreds digit of w?
7
Suppose -24*u + 201727 + 50120 + 152553 = 0. What is the hundreds digit of u?
8
Suppose 2*k + 2*h + 72088 = 6*k, 5*k - 90088 = -3*h. Suppose -4*y + 5*y - k = -5*p, -5*p = -3*y - 18020. What is the tens digit of (-6)/(-21) + p/28?
2
Let x(i) = 24*i**3 - 4*i**2 + i - 7. Let f(c) = -c**2 + c + 1. Let n(b) = 5*f(b) + x(b). Let o be n(3). Let k = o + -346. What is the units digit of k?
7
Let t be (-60)/(-7) - -1 - (-6)/14. Let i be 278/t + 8/40. Suppose i*q - 24*q = 340. What is the units digit of q?
5
Let a(b) = b**2 - 14*b + 14. Let g be a(14). Let f(o) = -2*o**2 + g - 4*o**2 - 9*o + 26*o**2. What is the units digit of f(3)?
7
Let m(t) = -t**3 + 8*t**2 + 3. Suppose 2*i + 2*i - 47 = -3*q, 22 = 4*i - 2*q. Let g be m(i). What is the units digit of 240/(4 + 1) - g?
5
Let c(g) = -4*g**3 + 2*g**2 - 1. Let a be c(-1). Suppose -4*w + 3*t = -1320, 0 = -a*w - 2*t + 1702 - 75. Suppose 99 - w = -p. What is the hundreds digit of p?
2
Suppose -2*g = 2*c + 6, -19 = g + 2*g + 5*c. Suppose -5*o + g*o = 24. Let a = 36 + o. What is the units digit of a?
8
Let h(y) = -5*y**2 - 10*y. Let s be h(-3). Let c(n) = n**3 + 21*n**2 + 23*n + 57. What is the thousands digit of c(s)?
1
Let a = 45827 - 21215. Suppose 11*r + 5978 = a. What is the hundreds digit of r?
6
Suppose 55 = 5*r - 4*r. Let o be (-4)/34 - (-4200)/1020. What is the tens digit of r*(-5 + o + 2)?
5
Let f(h) = -2*h**2 + 23*h - 7. Let n be f(11). Suppose n*i - 541 = -k - 32, -5*i - 518 = -k. What is the tens digit of k?
1
Let z = -174 + 177. Suppose -f = 2*f + m - 2395, -z*m + 2397 = 3*f. What is the tens digit of f?
9
Let l = 218 - 162. What is the hundreds digit of (l/(-24) - -1)*(-642)/4?
2
Let h = 9968 + 1688. What is the tens digit of h?
5
What is the units digit of 5*(-3)/105 + 2325/7?
2
Let d be -1 - 1 - (-3)/((-33)/(-3575)). Let s = -146 + d. What is the hundreds digit of s?
1
Let f(a) = -2*a - 3. Let s be f(-3). Suppose b - 19 = -5*x, 17 = 3*x - s*b + 2. Suppose 88 = 2*u + 2*u - 4*y, -x*y - 113 = -5*u. What is the tens digit of u?
2
Let r be ((-1720)/30)/((-2)/3). Let k = 230 - r. What is the hundreds digit of k?
1
Let k = -106 - -1808. Suppose -8*z + 2034 = -k. What is the hundreds digit of z?
4
Suppose -5*m - 3256 = -5*y + 23039, y - 5274 = 4*m. What is the tens digit of y?
5
What is the units digit of -24*(-18)/144 + 11633?
6
Let y be (-197)/(-9) - (-9 + (-80)/(-9)). Let z(h) = h**3 - 22*h**2 + 34*h - 27. What is the units digit of z(y)?
1
Suppose 444*d - 257*d = 344828. What is the thousands digit of d?
1
Suppose 0 = 5*d - 5*p + 109 - 1069, -25 = 5*p. What is the tens digit of d?
8
Let z(i) = 2*i**3 - 6*i**2 + i - 1. Let h be z(4). Let p = h + -42. Let b = 15 + p. What is the units digit of b?
8
Let v be 1638/(-70) - 3/(-5)*-1. What is the units digit of 12/v - (-5)/2?
2
Suppose 220 = 2*u - 0*u + 3*d, -3*u = 3*d - 324. Let z be u/12*15/10. Suppose -486 = z*x - 15*x. What is the units digit of x?
3
Let m(v) be the second derivative of v**4/6 + v**3/3 - v**2 + 19*v. Let z be m(-3). Suppose -z*w + 4*w = -360. What is the tens digit of w?
6
Suppose 2804 = g - 3*p, 2*g - 8*p = -4*p + 5616. What is the thousands digit of g?
2
Let o(p) = p**3 + 5*p**2 - 14*p + 6. Let b be o(-7). Let w be -1*(70/b - (-8)/24). What is the hundreds digit of (w/10)/((-7)/595)?
1
Let f = -20165 - -53773. What is the ten thousands digit of f?
3
Let i(o) = -36 + 0 + 10 - 124*o. What is the units digit of i(-4)?
0
Suppose -5*h - 3*g = -55378, -2*h + 14*g = 9*g - 22145. What is the thousands digit of h?
1
Suppose y - 15551 = -2*v, -9*v + 5*y = -13*v + 31099. What is the hundreds digit of v?
7
Let z = -1123 - -13633. What is the units digit of z?
0
What is the tens digit of 3633*((-15)/(-10))/((-1)/(80/(-24)))?
6
Let u = -35 + 107. Let o = u + 2. What is the units digit of o?
4
Suppose 34*z - 60 = 19*z. Suppose 3*x = 4*n + 614, 0 = z*x - 3*n - 73 - 741. What is the tens digit of x?
0
Let c = 492 - 522. What is the tens digit of (c/5)/((-1767)/1758 - -1)?
7
Let u = 116828 + -74590. What is the units digit of u?
8
Suppose 0 = -122*i + 100*i + 483164. What is the tens digit of i?
6
Let g(a) = 246*a**2 - 69*a - 676. What is the hundreds digit of g(-14)?
5
Suppose 190*k = -72*k - 101*k + 6425100. What is the tens digit of k?
0
Suppose -298*o + 281*o = -104593 - 47557. What is the tens digit of o?
5
Suppose -41440 = -5*w + 2*v, -w - 7*v + 3*v + 8266 = 0. What is the hundreds digit of w?
2
Let m = 42 - 46. Let l(k) = 29*k + 51. Let b(v) = -14*v - 25. Let p(g) = m*l(g) - 9*b(g). What is the units digit of p(6)?
1
Let n = 54277 - 29433. What is the hundreds digit of n?
8
Let u = -5257 + 8443. What is the units digit of u?
6
Let x(h) = 1814*h**2 - 13*h - 10. What is the thousands digit of x